True
Is 1704650 a multiple of 662?
True
Does 17 divide 169754?
False
Does 83 divide 2380606?
True
Does 3 divide 3127705?
False
Is 1345783 a multiple of 15?
False
Is 182 a factor of 69868?
False
Does 120 divide 3427908?
False
Is 3275202 a multiple of 1218?
True
Is 20913989 a multiple of 774?
False
Is 176256 a multiple of 81?
True
Is 1382387 a multiple of 14?
False
Is 5 a factor of 14965?
True
Is 19716 a multiple of 64?
False
Is 72069 a multiple of 97?
False
Does 16 divide 61568?
True
Does 149 divide 236016?
True
Does 131 divide 7015967?
True
Is 38 a factor of 13518652?
True
Is 17136 a multiple of 32?
False
Is 187 a factor of 8239543?
False
Is 1697020 a multiple of 10?
True
Does 193 divide 263638?
True
Is 4 a factor of 15783?
False
Is 6 a factor of 7188972?
True
Is 1007 a factor of 4128700?
True
Does 245 divide 743820?
True
Does 24 divide 5747654?
False
Is 285 a factor of 3728370?
True
Is 236 a factor of 1868399?
False
Does 95 divide 3158180?
True
Is 472 a factor of 4957888?
True
Does 6 divide 3882?
True
Is 574946 a multiple of 103?
True
Is 3136980 a multiple of 1455?
True
Does 51 divide 22931?
False
Does 325 divide 2357550?
True
Is 256 a factor of 309432?
False
Does 9 divide 9351?
True
Does 66 divide 2082901?
False
Does 205 divide 367046?
False
Is 10 a factor of 197772?
False
Is 5538796 a multiple of 403?
False
Is 445158 a multiple of 18?
True
Is 28014 a multiple of 29?
True
Is 127260 a multiple of 180?
True
Does 115 divide 2291879?
False
Does 20 divide 859000?
True
Does 16 divide 130176?
True
Is 518 a factor of 2559956?
True
Is 67 a factor of 204618?
True
Is 78171 a multiple of 213?
True
Is 94 a factor of 382385?
False
Is 375342 a multiple of 6?
True
Is 59682 a multiple of 49?
True
Is 35 a factor of 4057562?
False
Does 249 divide 5059317?
False
Is 26 a factor of 33877?
False
Does 253 divide 745797?
False
Is 38 a factor of 12734536?
False
Does 5 divide 5495?
True
Does 28 divide 1740088?
True
Does 25 divide 84450?
True
Does 42 divide 7390152?
True
Does 43 divide 1921154?
True
Does 151 divide 598004?
False
Does 221 divide 388863?
False
Is 3201154 a multiple of 48?
False
Is 7849625 a multiple of 25?
True
Does 132 divide 114729?
False
Does 115 divide 201410?
False
Does 54 divide 1220651?
False
Is 1433774 a multiple of 71?
True
Is 152 a factor of 72200?
True
Does 37 divide 1051984?
True
Does 937 divide 368981?
False
Does 24 divide 208176?
True
Is 96 a factor of 4603104?
True
Is 3 a factor of 1494792?
True
Does 29 divide 655123?
False
Is 260 a factor of 1852760?
True
Does 45 divide 5339250?
True
Does 42 divide 677711?
False
Does 82 divide 3349493?
False
Is 358 a factor of 290958?
False
Is 196588 a multiple of 14?
True
Does 600 divide 52800?
True
Is 822845 a multiple of 15?
False
Is 101017 a multiple of 188?
False
Is 39840 a multiple of 60?
True
Is 111 a factor of 572982?
True
Is 305136 a multiple of 144?
True
Is 396 a factor of 1027195?
False
Is 271 a factor of 494695?
False
Is 80 a factor of 125647?
False
Is 313235 a multiple of 13?
True
Is 4545 a multiple of 57?
False
Does 22 divide 37510?
True
Does 6 divide 58566?
True
Is 70 a factor of 11716860?
False
Is 605 a multiple of 121?
True
Is 75 a factor of 266554?
False
Is 3 a factor of 25508?
False
Is 7 a factor of 108976?
True
Is 1093552 a multiple of 5?
False
Is 116 a factor of 10999494?
False
Is 2795493 a multiple of 96?
False
Is 80 a factor of 1220759?
False
Is 2 a factor of 543455?
False
Is 74867 a multiple of 412?
False
Is 11 a factor of 155767?
False
Is 11850532 a multiple of 36?
False
Is 718 a factor of 4766802?
True
Is 433560 a multiple of 113?
False
Is 306 a factor of 63425?
False
Is 34 a factor of 259486?
False
Is 13 a factor of 29156?
False
Is 59738 a multiple of 6?
False
Is 71 a factor of 1249650?
False
Is 66 a factor of 3533873?
False
Is 324160 a multiple of 8?
True
Is 431 a factor of 12863626?
True
Is 1833608 a multiple of 6?
False
Is 711369 a multiple of 9?
True
Does 254 divide 14652910?
False
Does 15 divide 8056620?
True
Does 9 divide 235881?
True
Is 3 a factor of 2302863?
True
Does 418 divide 40128?
True
Is 7 a factor of 118738?
False
Does 12 divide 8805060?
True
Is 79 a factor of 161625?
False
Does 133 divide 742672?
True
Is 118713 a multiple of 11?
False
Does 19 divide 1311?
True
Is 299708 a multiple of 62?
True
Does 225 divide 329850?
True
Is 697889 a multiple of 437?
True
Is 4 a factor of 221592?
True
Does 321 divide 351835?
False
Does 3 divide 3181?
False
Does 19 divide 57507?
False
Is 45 a factor of 26888?
False
Is 194712 a multiple of 38?
True
Is 434266 a multiple of 16?
False
Is 40 a factor of 1399800?
True
Is 12374 a multiple of 23?
True
Does 299 divide 748098?
True
Is 746587 a multiple of 63?
False
Is 2716716 a multiple of 25?
False
Does 12 divide 9727015?
False
Is 736 a factor of 480807?
False
Is 7 a factor of 1095?
False
Is 330640 a multiple of 3?
False
Is 10 a factor of 79874?
False
Is 86 a factor of 177676?
True
Does 259 divide 107320?
False
Is 2453 a factor of 18895459?
True
Does 42 divide 653520?
True
Is 607126 a multiple of 6?
False
Is 101 a factor of 731947?
True
Is 130830 a multiple of 70?
True
Does 859 divide 325622?
False
Is 604870 a multiple of 108?
False
Does 24 divide 1201375?
False
Is 21 a factor of 812763?
True
Is 14 a factor of 21863926?
True
Does 1462 divide 20988472?
True
Is 37 a factor of 144559?
True
Is 7 a factor of 54857?
False
Does 10 divide 96520?
True
Is 8 a factor of 88152?
True
Is 44873 a multiple of 112?
False
Is 24 a factor of 30168?
True
Does 24 divide 60312?
True
Is 1191606 a multiple of 167?
False
Is 6 a factor of 29586?
True
Is 96 a factor of 364265?
False
Is 125706 a multiple of 511?
True
Does 44 divide 584188?
True
Is 23 a factor of 157182?
True
Is 183 a factor of 13572767?
False
Is 2201759 a multiple of 72?
False
Does 236 divide 739388?
True
Is 6779938 a multiple of 11?
True
Is 149169 a multiple of 19?
True
Does 60 divide 791520?
True
Does 9 divide 124605?
True
Is 143 a factor of 1054502?
False
Is 77 a factor of 7217602?
False
Is 516 a factor of 2009358?
False
Does 536 divide 147859?
False
Is 315 a factor of 66150?
True
Is 23205644 a multiple of 154?
True
Does 17 divide 4111654?
True
Does 44 divide 178521?
False
Is 99 a factor of 20140659?
True
Is 25 a factor of 4289100?
True
Does 53 divide 724985?
False
Is 82 a factor of 175808?
True
Does 70 divide 955640?
True
Is 484421 a multiple of 4?
False
Is 149 a factor of 618606?
False
Does 139 divide 9730?
True
Is 14 a factor of 303114?
True
Does 575 divide 3838125?
True
Is 19 a factor of 150048?
False
Is 387327 a multiple of 137?
False
Does 17 divide 934235?
True
Is 15838150 a multiple of 50?
True
Is 991868 a multiple of 30?
False
Does 24 divide 277800?
True
Is 127 a factor of 3812667?
True
Is 1111964 a multiple of 302?
True
Is 196003 a multiple of 250?
False
Is 1658790 a multiple of 105?
True
Does 229 divide 1107624?
False
Does 133 divide 6832403?
False
Is 23302780 a multiple of 801?
False
Does 28 divide 106428?
True
Is 75 a factor of 187646?
False
Is 1661752 a multiple of 48?
False
Is 12 a factor of 15063576?
True
Is 16 a factor of 121575?
False
Does 15 divide 31096?
False
Does 63 divide 1244565?
True
Is 87 a factor of 50025?
True
Is 336897 a multiple of 81?
False
Is 85 a factor of 355725?
True
Does 73 divide 6225598?
False
Is 602133 a multiple of 179?
False
Does 1122 divide 1067022?
True
Does 65 divide 40851?
False
Is 2309244 a multiple of 12?
True
Is 302254 a multiple of 29?
False
Is 11 a factor of 376665?
False
Is 1389045 a multiple of 105?
True
Is 131812 a multiple of 62?
True
Is 20 a factor of 17347135?
False
Does 3 divide 98847?
True
Does 4 divide 21786?
False
Is 343733 a multiple of 53?
False
Is 267 a factor of 130929?
False
Is 11 a factor of 1562?
True
Is 10 a factor of 54780?
True
Is 1421745 a multiple of 69?
True
Is 5502322 a multiple of 14?
True
Is 1516971 a multiple of 498?
False
Does 1072 divide 10323562?
False
Does 53 divide 833213?
True
Is 429526 a multiple of 14?
False
Does 91 divide 1908759?
False
Is 6121479 a multiple of 13?
True
Is 3775182 a multiple of 201?
True
Is 825417 a multiple of 9?
True
Does 7 divide 153258?
True
Does 6 divide 40692?
True
Does 463 divide 6100567?
False
Is 2 a factor of 34358?
True
Is 120 a factor of 1804320?
True
Is 391 a factor of 539580?
True
